{"id":19,"date":"2023-11-09T16:27:24","date_gmt":"2023-11-09T15:27:24","guid":{"rendered":"https:\/\/klimaschutz-frankfurt.de\/leichte-sprache\/?page_id=19"},"modified":"2024-03-27T16:43:40","modified_gmt":"2024-03-27T15:43:40","slug":"das-klima-referat","status":"publish","type":"page","link":"https:\/\/klimaschutz-frankfurt.de\/leichte-sprache\/","title":{"rendered":"Das Klima-Referat"},"content":{"rendered":"\n<div class=\"wp-block-columns columns_intro is-layout-flex wp-container-core-columns-is-layout-9d6595d7 wp-block-columns-is-layout-flex\">\n<div class=\"wp-block-column column_second is-layout-flow wp-block-column-is-layout-flow\">\n<h1 class=\"wp-block-heading\">Start-Seite:<br>Das Klima-Referat<\/h1>\n\n\n\n<p><strong>Das Klima-Referat macht diese Internet-Seite.<\/strong><\/p>\n\n\n\n<p>Ein Amt von der Stadt Frankfurt<br>macht diese Internet-Seite.<\/p>\n\n\n\n<p>Das Amt hei\u00dft:<br>Klima-Referat der Stadt Frankfurt am Main.<\/p>\n\n\n\n<p>Die Stadt Frankfurt will das Klima sch\u00fctzen.<\/p>\n<\/div>\n\n\n\n<div class=\"wp-block-column column_first is-layout-flow wp-block-column-is-layout-flow\"><\/div>\n<\/div>\n\n\n\n<div class=\"wp-block-columns columns_intro is-layout-flex wp-container-core-columns-is-layout-9d6595d7 wp-block-columns-is-layout-flex\">\n<div class=\"wp-block-column column_second is-layout-flow wp-block-column-is-layout-flow\">\n<p>Die Frauen und M\u00e4nner im Klima-Referat wissen viel \u00fcber Klima-Schutz.<\/p>\n\n\n\n<p>Deshalb gibt das Amt viele Tipps<br>zum Klima-schutz.<\/p>\n\n\n\n<p>Zum Beispiel hier auf dieser Internet-Seite.<\/p>\n\n\n\n<p>So k\u00f6nnen wir alle helfen beim Schutz<br>von unserem Klima.<\/p>\n<\/div>\n\n\n\n<div class=\"wp-block-column column_first is-layout-flow wp-block-column-is-layout-flow\">\n<figure class=\"wp-block-gallery has-nested-images columns-default wp-block-gallery-1 is-layout-flex wp-block-gallery-is-layout-flex\">\n<figure class=\"wp-block-image size-full\"><a href=\"https:\/\/klimaschutz-frankfurt.de\/leichte-sprache\/wp-content\/uploads\/sites\/3\/2024\/03\/abgase-frankfurt-skyline-stadtpanorama.jpg\"><img loading=\"lazy\" decoding=\"async\" width=\"1920\" height=\"1280\" data-id=\"202\" src=\"https:\/\/klimaschutz-frankfurt.de\/leichte-sprache\/wp-content\/uploads\/sites\/3\/2024\/03\/abgase-frankfurt-skyline-stadtpanorama.jpg\" alt=\"\" class=\"wp-image-202\" srcset=\"https:\/\/klimaschutz-frankfurt.de\/leichte-sprache\/wp-content\/uploads\/sites\/3\/2024\/03\/abgase-frankfurt-skyline-stadtpanorama.jpg 1920w, https:\/\/klimaschutz-frankfurt.de\/leichte-sprache\/wp-content\/uploads\/sites\/3\/2024\/03\/abgase-frankfurt-skyline-stadtpanorama-768x512.jpg 768w, https:\/\/klimaschutz-frankfurt.de\/leichte-sprache\/wp-content\/uploads\/sites\/3\/2024\/03\/abgase-frankfurt-skyline-stadtpanorama-1536x1024.jpg 1536w\" sizes=\"auto, (max-width: 1920px) 100vw, 1920px\" \/><\/a><\/figure>\n<\/figure>\n<\/div>\n<\/div>\n\n\n\n<div class=\"wp-block-columns is-layout-flex wp-container-core-columns-is-layout-9d6595d7 wp-block-columns-is-layout-flex\">\n<div class=\"wp-block-column is-layout-flow wp-block-column-is-layout-flow\">\n<h2 class=\"wp-block-heading\">Das gibt es auf dieser Internet Seite<\/h2>\n\n\n\n<p>Hier anklicken. Und mehr lesen \u2026<br><a href=\"https:\/\/klimaschutz-frankfurt.de\/leichte-sprache\/das-koennen-wir-alle-tun\/\" data-type=\"page\" data-id=\"21\">Tipps zum Klima-Schutz: Das k\u00f6nnen wir alle tun.<\/a><\/p>\n\n\n\n<p>Hier anklicken. Und mehr lesen \u2026<br><a href=\"https:\/\/klimaschutz-frankfurt.de\/leichte-sprache\/woerter-zum-klima-schutz\/\" data-type=\"page\" data-id=\"25\">Schwere W\u00f6rter zum Klima-Schutz: Wir erkl\u00e4ren es.<\/a><\/p>\n<\/div>\n\n\n\n<div class=\"wp-block-column is-layout-flow wp-block-column-is-layout-flow\"><\/div>\n<\/div>\n","protected":false},"excerpt":{"rendered":"<p>Start-Seite:Das Klima-Referat Das Klima-Referat macht diese Internet-Seite. Ein Amt von der Stadt Frankfurtmacht diese Internet-Seite. Das Amt hei\u00dft:Klima-Referat der Stadt Frankfurt am Main. Die Stadt Frankfurt will das Klima sch\u00fctzen. Die Frauen und M\u00e4nner im Klima-Referat wissen viel \u00fcber Klima-Schutz. Deshalb gibt das Amt viele Tippszum Klima-schutz. Zum Beispiel hier auf dieser Internet-Seite. So k\u00f6nnen [&hellip;]<\/p>\n","protected":false},"author":1,"featured_media":0,"parent":0,"menu_order":0,"comment_status":"closed","ping_status":"closed","template":"","meta":{"_acf_changed":false,"footnotes":""},"class_list":["post-19","page","type-page","status-publish","hentry"],"acf":[],"featured_image_src":null,"publishpress_future_action":{"enabled":false,"date":"2026-05-09 13:09:17","action":"change-status","newStatus":"draft","terms":[],"taxonomy":"","extraData":[]},"publishpress_future_workflow_manual_trigger":{"enabledWorkflows":[]},"_links":{"self":[{"href":"https:\/\/klimaschutz-frankfurt.de\/leichte-sprache\/wp-json\/wp\/v2\/pages\/19","targetHints":{"allow":["GET"]}}],"collection":[{"href":"https:\/\/klimaschutz-frankfurt.de\/leichte-sprache\/wp-json\/wp\/v2\/pages"}],"about":[{"href":"https:\/\/klimaschutz-frankfurt.de\/leichte-sprache\/wp-json\/wp\/v2\/types\/page"}],"author":[{"embeddable":true,"href":"https:\/\/klimaschutz-frankfurt.de\/leichte-sprache\/wp-json\/wp\/v2\/users\/1"}],"replies":[{"embeddable":true,"href":"https:\/\/klimaschutz-frankfurt.de\/leichte-sprache\/wp-json\/wp\/v2\/comments?post=19"}],"version-history":[{"count":24,"href":"https:\/\/klimaschutz-frankfurt.de\/leichte-sprache\/wp-json\/wp\/v2\/pages\/19\/revisions"}],"predecessor-version":[{"id":386,"href":"https:\/\/klimaschutz-frankfurt.de\/leichte-sprache\/wp-json\/wp\/v2\/pages\/19\/revisions\/386"}],"wp:attachment":[{"href":"https:\/\/klimaschutz-frankfurt.de\/leichte-sprache\/wp-json\/wp\/v2\/media?parent=19"}],"curies":[{"name":"wp","href":"https:\/\/api.w.org\/{rel}","templated":true}]}}

<div class="wp-block-columns columns_intro is-layout-flex wp-container-core-columns-is-layout-9d6595d7 wp-block-columns-is-layout-flex">
<div class="wp-block-column column_second is-layout-flow wp-block-column-is-layout-flow">
<h1 class="wp-block-heading">Start-Seite:<br>Das Klima-Referat</h1>



<p><strong>Das Klima-Referat macht diese Internet-Seite.</strong></p>



<p>Ein Amt von der Stadt Frankfurt<br>macht diese Internet-Seite.</p>



<p>Das Amt heißt:<br>Klima-Referat der Stadt Frankfurt am Main.</p>



<p>Die Stadt Frankfurt will das Klima schützen.</p>
</div>



<div class="wp-block-column column_first is-layout-flow wp-block-column-is-layout-flow"></div>
</div>



<div class="wp-block-columns columns_intro is-layout-flex wp-container-core-columns-is-layout-9d6595d7 wp-block-columns-is-layout-flex">
<div class="wp-block-column column_second is-layout-flow wp-block-column-is-layout-flow">
<p>Die Frauen und Männer im Klima-Referat wissen viel über Klima-Schutz.</p>



<p>Deshalb gibt das Amt viele Tipps<br>zum Klima-schutz.</p>



<p>Zum Beispiel hier auf dieser Internet-Seite.</p>



<p>So können wir alle helfen beim Schutz<br>von unserem Klima.</p>
</div>



<div class="wp-block-column column_first is-layout-flow wp-block-column-is-layout-flow">
<figure class="wp-block-gallery has-nested-images columns-default wp-block-gallery-1 is-layout-flex wp-block-gallery-is-layout-flex">
<figure class="wp-block-image size-full"><a href="https://klimaschutz-frankfurt.de/leichte-sprache/wp-content/uploads/sites/3/2024/03/abgase-frankfurt-skyline-stadtpanorama.jpg"><img loading="lazy" decoding="async" width="1920" height="1280" data-id="202" src="https://klimaschutz-frankfurt.de/leichte-sprache/wp-content/uploads/sites/3/2024/03/abgase-frankfurt-skyline-stadtpanorama.jpg" alt="" class="wp-image-202" srcset="https://klimaschutz-frankfurt.de/leichte-sprache/wp-content/uploads/sites/3/2024/03/abgase-frankfurt-skyline-stadtpanorama.jpg 1920w, https://klimaschutz-frankfurt.de/leichte-sprache/wp-content/uploads/sites/3/2024/03/abgase-frankfurt-skyline-stadtpanorama-768x512.jpg 768w, https://klimaschutz-frankfurt.de/leichte-sprache/wp-content/uploads/sites/3/2024/03/abgase-frankfurt-skyline-stadtpanorama-1536x1024.jpg 1536w" sizes="auto, (max-width: 1920px) 100vw, 1920px" /></a></figure>
</figure>
</div>
</div>



<div class="wp-block-columns is-layout-flex wp-container-core-columns-is-layout-9d6595d7 wp-block-columns-is-layout-flex">
<div class="wp-block-column is-layout-flow wp-block-column-is-layout-flow">
<h2 class="wp-block-heading">Das gibt es auf dieser Internet Seite</h2>



<p>Hier anklicken. Und mehr lesen …<br><a href="https://klimaschutz-frankfurt.de/leichte-sprache/das-koennen-wir-alle-tun/" data-type="page" data-id="21">Tipps zum Klima-Schutz: Das können wir alle tun.</a></p>



<p>Hier anklicken. Und mehr lesen …<br><a href="https://klimaschutz-frankfurt.de/leichte-sprache/woerter-zum-klima-schutz/" data-type="page" data-id="25">Schwere Wörter zum Klima-Schutz: Wir erklären es.</a></p>
</div>



<div class="wp-block-column is-layout-flow wp-block-column-is-layout-flow"></div>
</div>

<p>Start-Seite:Das Klima-Referat Das Klima-Referat macht diese Internet-Seite. Ein Amt von der Stadt Frankfurtmacht diese Internet-Seite. Das Amt heißt:Klima-Referat der Stadt Frankfurt am Main. Die Stadt Frankfurt will das Klima schützen. Die Frauen und Männer im Klima-Referat wissen viel über Klima-Schutz. Deshalb gibt das Amt viele Tippszum Klima-schutz. Zum Beispiel hier auf dieser Internet-Seite. So können [&hellip;]</p>
