{"id":295,"date":"2024-07-08T14:07:38","date_gmt":"2024-07-08T12:07:38","guid":{"rendered":"https:\/\/klimaschutz-frankfurt.de\/leichte-sprache\/?page_id=295"},"modified":"2024-07-10T14:08:11","modified_gmt":"2024-07-10T12:08:11","slug":"klima-freundlich-kaufen","status":"publish","type":"page","link":"https:\/\/klimaschutz-frankfurt.de\/leichte-sprache\/klima-freundlich-kaufen\/","title":{"rendered":"Klima-freundlich kaufen"},"content":{"rendered":"\n<div class=\"wp-block-columns is-layout-flex wp-container-core-columns-is-layout-9d6595d7 wp-block-columns-is-layout-flex\">\n<div class=\"wp-block-column is-layout-flow wp-block-column-is-layout-flow\">\n<h1 class=\"wp-block-heading\">Das ist klima-freundlich:<br>Tipps zum Kaufen<\/h1>\n\n\n\n<p>Wir alle kaufen viele Sachen.\u2028<br>Daf\u00fcr gibt es ein besonderes Wort.<br>\u2028Es hei\u00dft Konsum.<br>\u2028Das Wort Konsum bedeutet: Alles was wir f\u00fcr uns kaufen.<\/p>\n\n\n\n<p>Zum Beispiel:<\/p>\n\n\n\n<ul class=\"wp-block-list\">\n<li>Sachen zum Anziehen<\/li>\n\n\n\n<li>Sachen f\u00fcr die Wohnung<\/li>\n\n\n\n<li>B\u00fccher und Musik<\/li>\n\n\n\n<li>Handy und Computer<\/li>\n<\/ul>\n\n\n\n<p>Das Problem ist:\u2028<br>Unser Konsum kann auch schlecht sein f\u00fcr das Klima.<\/p>\n<\/div>\n\n\n\n<div class=\"wp-block-column is-layout-flow wp-block-column-is-layout-flow\"><\/div>\n<\/div>\n\n\n\n<div class=\"wp-block-columns is-layout-flex wp-container-core-columns-is-layout-9d6595d7 wp-block-columns-is-layout-flex\">\n<div class=\"wp-block-column is-layout-flow wp-block-column-is-layout-flow\">\n<p>Der Grund ist:<br>Viele Sachen werden <strong>nicht<\/strong> klima-freundlich hergestellt.<br>\u2028In den Fabriken entstehen viele Treibhaus-Gase.<\/p>\n<\/div>\n\n\n\n<div class=\"wp-block-column is-layout-flow wp-block-column-is-layout-flow\">\n<figure class=\"wp-block-gallery has-nested-images columns-default wp-block-gallery-1 is-layout-flex wp-block-gallery-is-layout-flex\">\n<figure class=\"wp-block-image size-full\"><a href=\"https:\/\/klimaschutz-frankfurt.de\/leichte-sprache\/wp-content\/uploads\/sites\/3\/2024\/07\/treibhausgase-fabrik-skyline-smog.jpg\"><img loading=\"lazy\" decoding=\"async\" width=\"1920\" height=\"1280\" data-id=\"299\" src=\"https:\/\/klimaschutz-frankfurt.de\/leichte-sprache\/wp-content\/uploads\/sites\/3\/2024\/07\/treibhausgase-fabrik-skyline-smog.jpg\" alt=\"\" class=\"wp-image-299\" srcset=\"https:\/\/klimaschutz-frankfurt.de\/leichte-sprache\/wp-content\/uploads\/sites\/3\/2024\/07\/treibhausgase-fabrik-skyline-smog.jpg 1920w, https:\/\/klimaschutz-frankfurt.de\/leichte-sprache\/wp-content\/uploads\/sites\/3\/2024\/07\/treibhausgase-fabrik-skyline-smog-768x512.jpg 768w, https:\/\/klimaschutz-frankfurt.de\/leichte-sprache\/wp-content\/uploads\/sites\/3\/2024\/07\/treibhausgase-fabrik-skyline-smog-1536x1024.jpg 1536w\" sizes=\"auto, (max-width: 1920px) 100vw, 1920px\" \/><\/a><\/figure>\n<\/figure>\n<\/div>\n<\/div>\n\n\n\n<div class=\"wp-block-columns is-layout-flex wp-container-core-columns-is-layout-9d6595d7 wp-block-columns-is-layout-flex\">\n<div class=\"wp-block-column is-layout-flow wp-block-column-is-layout-flow\">\n<p>Und:<br>Viele Sachen stellt man in anderen L\u00e4ndern her.\u2028<br>Man muss die Sachen nach Deutschland bringen.<br>\u2028Mit dem Flugzeug oder mit Schiffen.<br>\u2028Dabei entstehen auch sch\u00e4dliche Treibhaus-Gase.<\/p>\n\n\n\n<p>Die gute Nachricht ist:\u2028<br>Wir alle k\u00f6nnen etwas tun.<br>\u2028Unser Konsum kann auch klima-freundlich sein.<\/p>\n\n\n\n<p>Das k\u00f6nnen wir zum Beispiel machen:<\/p>\n\n\n\n<ul class=\"wp-block-list\">\n<li>Wir kaufen <strong><span style=\"text-decoration: underline;\">nur<\/span><\/strong> energie-effiziente Ger\u00e4te.\u2028 Energie-effizient hei\u00dft:\u2028 Die Ger\u00e4te brauchen nur wenig Strom.<\/li>\n\n\n\n<li>Wir kaufen Sachen mit wenig Verpackung.<\/li>\n\n\n\n<li>Wir teilen unsere Sachen mit anderen.<\/li>\n<\/ul>\n\n\n\n<p><strong>Unsere Tipps zum klima-freundlichen Kaufen:<\/strong><\/p>\n\n\n\n<p>Hier anklicken und mehr lesen:\u2028<br><a href=\"#weniger-kaufen\"><strong>Weniger kaufen<\/strong><\/a><\/p>\n\n\n\n<p>Hier anklicken und mehr lesen:<br><a href=\"#Laden-statt-Internet\"><strong>\u2028Im Laden kaufen \u2013 nicht im Internet<\/strong><\/a><\/p>\n\n\n\n<p>Hier anklicken und mehr lesen:<br><a href=\"#Secondhand\"><strong>\u2028Secondhand und Flohmarkt \u2013 gebrauchte Sachen kaufen<\/strong><\/a><\/p>\n<\/div>\n\n\n\n<div class=\"wp-block-column is-layout-flow wp-block-column-is-layout-flow\">\n<figure class=\"wp-block-gallery has-nested-images columns-default wp-block-gallery-2 is-layout-flex wp-block-gallery-is-layout-flex\">\n<figure class=\"wp-block-image size-full\"><a href=\"https:\/\/klimaschutz-frankfurt.de\/leichte-sprache\/wp-content\/uploads\/sites\/3\/2024\/07\/flugzeug-transport-umweltschaedlich-konsum.jpg\"><img loading=\"lazy\" decoding=\"async\" width=\"1920\" height=\"1280\" data-id=\"300\" src=\"https:\/\/klimaschutz-frankfurt.de\/leichte-sprache\/wp-content\/uploads\/sites\/3\/2024\/07\/flugzeug-transport-umweltschaedlich-konsum.jpg\" alt=\"\" class=\"wp-image-300\" srcset=\"https:\/\/klimaschutz-frankfurt.de\/leichte-sprache\/wp-content\/uploads\/sites\/3\/2024\/07\/flugzeug-transport-umweltschaedlich-konsum.jpg 1920w, https:\/\/klimaschutz-frankfurt.de\/leichte-sprache\/wp-content\/uploads\/sites\/3\/2024\/07\/flugzeug-transport-umweltschaedlich-konsum-768x512.jpg 768w, https:\/\/klimaschutz-frankfurt.de\/leichte-sprache\/wp-content\/uploads\/sites\/3\/2024\/07\/flugzeug-transport-umweltschaedlich-konsum-1536x1024.jpg 1536w\" sizes=\"auto, (max-width: 1920px) 100vw, 1920px\" \/><\/a><\/figure>\n<\/figure>\n<\/div>\n<\/div>\n\n\n\n<div class=\"wp-block-columns is-layout-flex wp-container-core-columns-is-layout-9d6595d7 wp-block-columns-is-layout-flex\">\n<div class=\"wp-block-column is-layout-flow wp-block-column-is-layout-flow\">\n<h2 class=\"wp-block-heading\" id=\"weniger-kaufen\"><strong>Weniger kaufen<\/strong><\/h2>\n<\/div>\n\n\n\n<div class=\"wp-block-column is-layout-flow wp-block-column-is-layout-flow\"><\/div>\n<\/div>\n\n\n\n<div class=\"wp-block-columns is-layout-flex wp-container-core-columns-is-layout-9d6595d7 wp-block-columns-is-layout-flex\">\n<div class=\"wp-block-column is-layout-flow wp-block-column-is-layout-flow\">\n<p>Manche Sachen brauchen wir gar nicht.\u2028<br>Aber wir kaufen sie trotzdem.<br>\u2028Wir haben einfach Lust zum Kaufen.<\/p>\n\n\n\n<p>Und dann passiert oft das:<br>\u2028Wir wollen die Sachen nicht mehr.\u2028<br>Wir werfen sie in die M\u00fclltonne.\u2028<br>Das ist schlecht f\u00fcr die Umwelt.\u2028<br>Und es ist schlecht f\u00fcr das Klima.<\/p>\n\n\n\n<p>Der beste Tipp ist deshalb:\u2028<br><strong>Kaufen Sie weniger.<\/strong><\/p>\n<\/div>\n\n\n\n<div class=\"wp-block-column is-layout-flow wp-block-column-is-layout-flow\">\n<figure class=\"wp-block-gallery has-nested-images columns-default wp-block-gallery-3 is-layout-flex wp-block-gallery-is-layout-flex\">\n<figure class=\"wp-block-image size-full\"><a href=\"https:\/\/klimaschutz-frankfurt.de\/leichte-sprache\/wp-content\/uploads\/sites\/3\/2024\/07\/altkleidercontainer-schuhe-kleidung-spenden.jpg\"><img loading=\"lazy\" decoding=\"async\" width=\"1920\" height=\"1280\" data-id=\"301\" src=\"https:\/\/klimaschutz-frankfurt.de\/leichte-sprache\/wp-content\/uploads\/sites\/3\/2024\/07\/altkleidercontainer-schuhe-kleidung-spenden.jpg\" alt=\"\" class=\"wp-image-301\" srcset=\"https:\/\/klimaschutz-frankfurt.de\/leichte-sprache\/wp-content\/uploads\/sites\/3\/2024\/07\/altkleidercontainer-schuhe-kleidung-spenden.jpg 1920w, https:\/\/klimaschutz-frankfurt.de\/leichte-sprache\/wp-content\/uploads\/sites\/3\/2024\/07\/altkleidercontainer-schuhe-kleidung-spenden-768x512.jpg 768w, https:\/\/klimaschutz-frankfurt.de\/leichte-sprache\/wp-content\/uploads\/sites\/3\/2024\/07\/altkleidercontainer-schuhe-kleidung-spenden-1536x1024.jpg 1536w\" sizes=\"auto, (max-width: 1920px) 100vw, 1920px\" \/><\/a><\/figure>\n<\/figure>\n<\/div>\n<\/div>\n\n\n\n<div class=\"wp-block-columns is-layout-flex wp-container-core-columns-is-layout-9d6595d7 wp-block-columns-is-layout-flex\">\n<div class=\"wp-block-column is-layout-flow wp-block-column-is-layout-flow\">\n<p>Am besten vor dem Kaufen nachdenken:<\/p>\n\n\n\n<ul class=\"wp-block-list\">\n<li>Brauche ich das wirklich?<\/li>\n\n\n\n<li>Ist die Sache f\u00fcr mich wichtig?<\/li>\n\n\n\n<li>Wo und wie kaufe ich ein?<\/li>\n\n\n\n<li>Wo kommen die Sachen her?<\/li>\n\n\n\n<li>Hat man die Sachen umwelt-freundlich hergestellt?<\/li>\n<\/ul>\n<\/div>\n\n\n\n<div class=\"wp-block-column is-layout-flow wp-block-column-is-layout-flow\">\n<figure class=\"wp-block-gallery has-nested-images columns-default wp-block-gallery-4 is-layout-flex wp-block-gallery-is-layout-flex\">\n<figure class=\"wp-block-image size-full\"><a href=\"https:\/\/klimaschutz-frankfurt.de\/leichte-sprache\/wp-content\/uploads\/sites\/3\/2024\/07\/kleidungsetikett-kleidung-aus-asien-indien.jpg\"><img loading=\"lazy\" decoding=\"async\" width=\"1920\" height=\"1280\" data-id=\"302\" src=\"https:\/\/klimaschutz-frankfurt.de\/leichte-sprache\/wp-content\/uploads\/sites\/3\/2024\/07\/kleidungsetikett-kleidung-aus-asien-indien.jpg\" alt=\"\" class=\"wp-image-302\" srcset=\"https:\/\/klimaschutz-frankfurt.de\/leichte-sprache\/wp-content\/uploads\/sites\/3\/2024\/07\/kleidungsetikett-kleidung-aus-asien-indien.jpg 1920w, https:\/\/klimaschutz-frankfurt.de\/leichte-sprache\/wp-content\/uploads\/sites\/3\/2024\/07\/kleidungsetikett-kleidung-aus-asien-indien-768x512.jpg 768w, https:\/\/klimaschutz-frankfurt.de\/leichte-sprache\/wp-content\/uploads\/sites\/3\/2024\/07\/kleidungsetikett-kleidung-aus-asien-indien-1536x1024.jpg 1536w\" sizes=\"auto, (max-width: 1920px) 100vw, 1920px\" \/><\/a><\/figure>\n<\/figure>\n<\/div>\n<\/div>\n\n\n\n<div class=\"wp-block-columns is-layout-flex wp-container-core-columns-is-layout-9d6595d7 wp-block-columns-is-layout-flex\">\n<div class=\"wp-block-column is-layout-flow wp-block-column-is-layout-flow\">\n<h2 class=\"wp-block-heading\" id=\"Laden-statt-Internet\"><strong>Im Laden kaufen \u2013 nicht im Internet<\/strong><\/h2>\n<\/div>\n\n\n\n<div class=\"wp-block-column is-layout-flow wp-block-column-is-layout-flow\"><\/div>\n<\/div>\n\n\n\n<div class=\"wp-block-columns is-layout-flex wp-container-core-columns-is-layout-9d6595d7 wp-block-columns-is-layout-flex\">\n<div class=\"wp-block-column is-layout-flow wp-block-column-is-layout-flow\">\n<p>Kaufen Sie <strong><span style=\"text-decoration: underline;\">nicht<\/span><\/strong> im Internet ein.\u2028<br>Das nennt man auch: Online Shopping.<br>\u2028Das ist Englisch und man spricht es so:\u2028<br>Onlein Schopping.<\/p>\n<\/div>\n\n\n\n<div class=\"wp-block-column is-layout-flow wp-block-column-is-layout-flow\">\n<figure class=\"wp-block-gallery has-nested-images columns-default wp-block-gallery-5 is-layout-flex wp-block-gallery-is-layout-flex\">\n<figure class=\"wp-block-image size-full\"><a href=\"https:\/\/klimaschutz-frankfurt.de\/leichte-sprache\/wp-content\/uploads\/sites\/3\/2024\/07\/online-shopping-handy-umweltschaedlicher-konsum.jpg\"><img loading=\"lazy\" decoding=\"async\" width=\"1920\" height=\"1080\" data-id=\"313\" src=\"https:\/\/klimaschutz-frankfurt.de\/leichte-sprache\/wp-content\/uploads\/sites\/3\/2024\/07\/online-shopping-handy-umweltschaedlicher-konsum.jpg\" alt=\"\" class=\"wp-image-313\" srcset=\"https:\/\/klimaschutz-frankfurt.de\/leichte-sprache\/wp-content\/uploads\/sites\/3\/2024\/07\/online-shopping-handy-umweltschaedlicher-konsum.jpg 1920w, https:\/\/klimaschutz-frankfurt.de\/leichte-sprache\/wp-content\/uploads\/sites\/3\/2024\/07\/online-shopping-handy-umweltschaedlicher-konsum-768x432.jpg 768w, https:\/\/klimaschutz-frankfurt.de\/leichte-sprache\/wp-content\/uploads\/sites\/3\/2024\/07\/online-shopping-handy-umweltschaedlicher-konsum-1536x864.jpg 1536w\" sizes=\"auto, (max-width: 1920px) 100vw, 1920px\" \/><\/a><\/figure>\n<\/figure>\n<\/div>\n<\/div>\n\n\n\n<div class=\"wp-block-columns is-layout-flex wp-container-core-columns-is-layout-9d6595d7 wp-block-columns-is-layout-flex\">\n<div class=\"wp-block-column is-layout-flow wp-block-column-is-layout-flow\">\n<p><strong>Der Grund ist:\u2028<\/strong><br>Diese Sachen kommen mit dem Post-Auto zu uns.<br>\u2028Und alles ist in Paketen verpackt.<br>\u2028Das macht viel M\u00fcll.\u2028<br>Viele Sachen schicken wir auch wieder zur\u00fcck.<\/p>\n\n\n\n<p>Zum Beispiel:<\/p>\n\n\n\n<ul class=\"wp-block-list\">\n<li>Wenn sie uns nicht gefallen.<\/li>\n\n\n\n<li>Wenn sie nicht passen.<\/li>\n<\/ul>\n\n\n\n<p>So werden die Pakete hin und her gefahren.\u2028<br>Dabei entstehen viele Treibhaus-Gase.<br>\u2028Das ist <strong><span style=\"text-decoration: underline;\">nicht<\/span><\/strong> klima-freundlich.<\/p>\n<\/div>\n\n\n\n<div class=\"wp-block-column is-layout-flow wp-block-column-is-layout-flow\">\n<figure class=\"wp-block-gallery has-nested-images columns-default wp-block-gallery-6 is-layout-flex wp-block-gallery-is-layout-flex\">\n<figure class=\"wp-block-image size-full\"><a href=\"https:\/\/klimaschutz-frankfurt.de\/leichte-sprache\/wp-content\/uploads\/sites\/3\/2024\/07\/paketbote-transport-konsum-paketlieferung.jpg\"><img loading=\"lazy\" decoding=\"async\" width=\"1920\" height=\"1280\" data-id=\"304\" src=\"https:\/\/klimaschutz-frankfurt.de\/leichte-sprache\/wp-content\/uploads\/sites\/3\/2024\/07\/paketbote-transport-konsum-paketlieferung.jpg\" alt=\"\" class=\"wp-image-304\" srcset=\"https:\/\/klimaschutz-frankfurt.de\/leichte-sprache\/wp-content\/uploads\/sites\/3\/2024\/07\/paketbote-transport-konsum-paketlieferung.jpg 1920w, https:\/\/klimaschutz-frankfurt.de\/leichte-sprache\/wp-content\/uploads\/sites\/3\/2024\/07\/paketbote-transport-konsum-paketlieferung-768x512.jpg 768w, https:\/\/klimaschutz-frankfurt.de\/leichte-sprache\/wp-content\/uploads\/sites\/3\/2024\/07\/paketbote-transport-konsum-paketlieferung-1536x1024.jpg 1536w\" sizes=\"auto, (max-width: 1920px) 100vw, 1920px\" \/><\/a><\/figure>\n<\/figure>\n<\/div>\n<\/div>\n\n\n\n<div class=\"wp-block-columns is-layout-flex wp-container-core-columns-is-layout-9d6595d7 wp-block-columns-is-layout-flex\">\n<div class=\"wp-block-column is-layout-flow wp-block-column-is-layout-flow\">\n<p><strong>Das ist besser f\u00fcr das Klima:<\/strong><br>\u2028Kaufen Sie direkt im Laden ein.<br>\u2028Dann wissen Sie:<br>\u2028Das gef\u00e4llt mir.<br>\u2028Das passt mir.<\/p>\n\n\n\n<p>Am besten ist:\u2028<br>Fahren Sie <strong><span style=\"text-decoration: underline;\">nicht<\/span><\/strong> mit dem Auto zum Einkaufen.<br>\u2028Nehmen Sie das Fahrrad.<br>\u2028Oder gehen Sie zu Fu\u00df.<br>\u2028Dann ist das Einkaufen klima-freundlich.<\/p>\n<\/div>\n\n\n\n<div class=\"wp-block-column is-layout-flow wp-block-column-is-layout-flow\">\n<figure class=\"wp-block-gallery has-nested-images columns-default wp-block-gallery-7 is-layout-flex wp-block-gallery-is-layout-flex\">\n<figure class=\"wp-block-image size-full\"><a href=\"https:\/\/klimaschutz-frankfurt.de\/leichte-sprache\/wp-content\/uploads\/sites\/3\/2024\/07\/kleidungsgeschaeft-local-klimafreundlich-einkaufen.jpg\"><img loading=\"lazy\" decoding=\"async\" width=\"1920\" height=\"1280\" data-id=\"305\" src=\"https:\/\/klimaschutz-frankfurt.de\/leichte-sprache\/wp-content\/uploads\/sites\/3\/2024\/07\/kleidungsgeschaeft-local-klimafreundlich-einkaufen.jpg\" alt=\"\" class=\"wp-image-305\" srcset=\"https:\/\/klimaschutz-frankfurt.de\/leichte-sprache\/wp-content\/uploads\/sites\/3\/2024\/07\/kleidungsgeschaeft-local-klimafreundlich-einkaufen.jpg 1920w, https:\/\/klimaschutz-frankfurt.de\/leichte-sprache\/wp-content\/uploads\/sites\/3\/2024\/07\/kleidungsgeschaeft-local-klimafreundlich-einkaufen-768x512.jpg 768w, https:\/\/klimaschutz-frankfurt.de\/leichte-sprache\/wp-content\/uploads\/sites\/3\/2024\/07\/kleidungsgeschaeft-local-klimafreundlich-einkaufen-1536x1024.jpg 1536w\" sizes=\"auto, (max-width: 1920px) 100vw, 1920px\" \/><\/a><\/figure>\n<\/figure>\n<\/div>\n<\/div>\n\n\n\n<div class=\"wp-block-columns is-layout-flex wp-container-core-columns-is-layout-9d6595d7 wp-block-columns-is-layout-flex\">\n<div class=\"wp-block-column is-layout-flow wp-block-column-is-layout-flow\">\n<h2 class=\"wp-block-heading\" id=\"Secondhand\"><strong>Secondhand und Flohmarkt \u2013 \u2028gebrauchte Sachen kaufen<\/strong><\/h2>\n<\/div>\n\n\n\n<div class=\"wp-block-column is-layout-flow wp-block-column-is-layout-flow\"><\/div>\n<\/div>\n\n\n\n<div class=\"wp-block-columns is-layout-flex wp-container-core-columns-is-layout-9d6595d7 wp-block-columns-is-layout-flex\">\n<div class=\"wp-block-column is-layout-flow wp-block-column-is-layout-flow\">\n<p>Secondhand ist Englisch. <br>Man spricht es so: Seckend H\u00e4nd.<br>\u2028Secondhand hei\u00dft: aus zweiter Hand.<br>\u2028Und das bedeutet: gebraucht.<\/p>\n\n\n\n<p>Unsere Kleidung stellt man in Fabriken her.\u2028<br>F\u00fcr alle Fabriken zusammen gibt es ein besonderes Wort:\u2028<br>Textil-Industrie.<\/p>\n<\/div>\n\n\n\n<div class=\"wp-block-column is-layout-flow wp-block-column-is-layout-flow\"><\/div>\n<\/div>\n\n\n\n<div class=\"wp-block-columns is-layout-flex wp-container-core-columns-is-layout-9d6595d7 wp-block-columns-is-layout-flex\">\n<div class=\"wp-block-column is-layout-flow wp-block-column-is-layout-flow\">\n<p>Die Textil-Industrie produziert sehr viele Treibhaus-Gase.\u2028<br>Genauso viel wie alle Schiffe und Flugzeuge auf der Welt.<br>\u2028Das ist sehr schlecht f\u00fcr unser Klima.<\/p>\n\n\n\n<p>Fast alle Kleidung in Deutschland stellt man in diesen L\u00e4ndern her:<\/p>\n\n\n\n<ul class=\"wp-block-list\">\n<li>China<\/li>\n\n\n\n<li>Indien<\/li>\n\n\n\n<li>Bangladesch<\/li>\n\n\n\n<li>T\u00fcrkei<\/li>\n<\/ul>\n\n\n\n<p>\u2028Von dort ist es ein weiter Weg bis zu uns.<\/p>\n<\/div>\n\n\n\n<div class=\"wp-block-column is-layout-flow wp-block-column-is-layout-flow\">\n<figure class=\"wp-block-gallery has-nested-images columns-default wp-block-gallery-8 is-layout-flex wp-block-gallery-is-layout-flex\">\n<figure class=\"wp-block-image size-full\"><a href=\"https:\/\/klimaschutz-frankfurt.de\/leichte-sprache\/wp-content\/uploads\/sites\/3\/2024\/07\/treibhausgase-fabrik-skyline-smog.jpg\"><img loading=\"lazy\" decoding=\"async\" width=\"1920\" height=\"1280\" data-id=\"299\" src=\"https:\/\/klimaschutz-frankfurt.de\/leichte-sprache\/wp-content\/uploads\/sites\/3\/2024\/07\/treibhausgase-fabrik-skyline-smog.jpg\" alt=\"\" class=\"wp-image-299\" srcset=\"https:\/\/klimaschutz-frankfurt.de\/leichte-sprache\/wp-content\/uploads\/sites\/3\/2024\/07\/treibhausgase-fabrik-skyline-smog.jpg 1920w, https:\/\/klimaschutz-frankfurt.de\/leichte-sprache\/wp-content\/uploads\/sites\/3\/2024\/07\/treibhausgase-fabrik-skyline-smog-768x512.jpg 768w, https:\/\/klimaschutz-frankfurt.de\/leichte-sprache\/wp-content\/uploads\/sites\/3\/2024\/07\/treibhausgase-fabrik-skyline-smog-1536x1024.jpg 1536w\" sizes=\"auto, (max-width: 1920px) 100vw, 1920px\" \/><\/a><\/figure>\n<\/figure>\n<\/div>\n<\/div>\n\n\n\n<div class=\"wp-block-columns is-layout-flex wp-container-core-columns-is-layout-9d6595d7 wp-block-columns-is-layout-flex\">\n<div class=\"wp-block-column is-layout-flow wp-block-column-is-layout-flow\">\n<p>Die Kleidung kommt in Container-Schiffen zu uns.\u2028<br>Das spricht man so: Kontehner-Schiffe.<br>\u2028Diese Schiffe blasen viele Abgase in die Luft.<br>\u2028Das ist sehr sch\u00e4dlich f\u00fcr das Klima.<\/p>\n<\/div>\n\n\n\n<div class=\"wp-block-column is-layout-flow wp-block-column-is-layout-flow\">\n<figure class=\"wp-block-gallery has-nested-images columns-default wp-block-gallery-9 is-layout-flex wp-block-gallery-is-layout-flex\">\n<figure class=\"wp-block-image size-full\"><a href=\"https:\/\/klimaschutz-frankfurt.de\/leichte-sprache\/wp-content\/uploads\/sites\/3\/2024\/07\/containerschiff-transport-umweltschaedlicher-konsum.jpg\"><img loading=\"lazy\" decoding=\"async\" width=\"1920\" height=\"1280\" data-id=\"306\" src=\"https:\/\/klimaschutz-frankfurt.de\/leichte-sprache\/wp-content\/uploads\/sites\/3\/2024\/07\/containerschiff-transport-umweltschaedlicher-konsum.jpg\" alt=\"\" class=\"wp-image-306\" srcset=\"https:\/\/klimaschutz-frankfurt.de\/leichte-sprache\/wp-content\/uploads\/sites\/3\/2024\/07\/containerschiff-transport-umweltschaedlicher-konsum.jpg 1920w, https:\/\/klimaschutz-frankfurt.de\/leichte-sprache\/wp-content\/uploads\/sites\/3\/2024\/07\/containerschiff-transport-umweltschaedlicher-konsum-768x512.jpg 768w, https:\/\/klimaschutz-frankfurt.de\/leichte-sprache\/wp-content\/uploads\/sites\/3\/2024\/07\/containerschiff-transport-umweltschaedlicher-konsum-1536x1024.jpg 1536w\" sizes=\"auto, (max-width: 1920px) 100vw, 1920px\" \/><\/a><\/figure>\n<\/figure>\n<\/div>\n<\/div>\n\n\n\n<div class=\"wp-block-columns is-layout-flex wp-container-core-columns-is-layout-9d6595d7 wp-block-columns-is-layout-flex\">\n<div class=\"wp-block-column is-layout-flow wp-block-column-is-layout-flow\">\n<p><strong>Tipp:\u2028<\/strong><br>Wir m\u00fcssen <strong><span style=\"text-decoration: underline;\">nicht<\/span> immer<\/strong> neue Sachen kaufen.\u2028<br>Es gibt auch sch\u00f6ne gebrauchte Sachen.<\/p>\n\n\n\n<p>Zum Beispiel:<br>Aauf Flohm\u00e4rkten oder in Secondhand-L\u00e4den.<\/p>\n\n\n\n<p>Kleidung oder andere Sachen kann man\u2028auch mit anderen Menschen tauschen.\u2028<br>Das macht Spa\u00df.<br>\u2028Und es ist sehr klima-freundlich.<\/p>\n\n\n\n<p>Und noch ein Tipp:<br><strong>Man kann viele Sachen auch ausleihen.\u2028<\/strong><br>Wir m\u00fcssen <strong><span style=\"text-decoration: underline;\">nicht<\/span><\/strong> alles gleich neu kaufen.<\/p>\n\n\n\n<p>Ausleihen kann man zum Beispiel in der Frankfurter Stadtb\u00fccherei\u2028<br><strong><a href=\"https:\/\/frankfurt.de\/service-und-rathaus\/verwaltung\/aemter-und-institutionen\/stadtbuecherei\" target=\"_blank\" rel=\"noreferrer noopener\">hier klicken und mehr lesen\u2026<\/a><\/strong><\/p>\n<\/div>\n\n\n\n<div class=\"wp-block-column is-layout-flow wp-block-column-is-layout-flow\">\n<figure class=\"wp-block-gallery has-nested-images columns-default wp-block-gallery-10 is-layout-flex wp-block-gallery-is-layout-flex\">\n<figure class=\"wp-block-image size-full\"><a href=\"https:\/\/klimaschutz-frankfurt.de\/leichte-sprache\/wp-content\/uploads\/sites\/3\/2024\/07\/klimafreundlich-einkaufen-flohmarkt-second-hand.jpg\"><img loading=\"lazy\" decoding=\"async\" width=\"1740\" height=\"1160\" data-id=\"308\" src=\"https:\/\/klimaschutz-frankfurt.de\/leichte-sprache\/wp-content\/uploads\/sites\/3\/2024\/07\/klimafreundlich-einkaufen-flohmarkt-second-hand.jpg\" alt=\"\" class=\"wp-image-308\" srcset=\"https:\/\/klimaschutz-frankfurt.de\/leichte-sprache\/wp-content\/uploads\/sites\/3\/2024\/07\/klimafreundlich-einkaufen-flohmarkt-second-hand.jpg 1740w, https:\/\/klimaschutz-frankfurt.de\/leichte-sprache\/wp-content\/uploads\/sites\/3\/2024\/07\/klimafreundlich-einkaufen-flohmarkt-second-hand-768x512.jpg 768w, https:\/\/klimaschutz-frankfurt.de\/leichte-sprache\/wp-content\/uploads\/sites\/3\/2024\/07\/klimafreundlich-einkaufen-flohmarkt-second-hand-1536x1024.jpg 1536w\" sizes=\"auto, (max-width: 1740px) 100vw, 1740px\" \/><\/a><\/figure>\n<\/figure>\n<\/div>\n<\/div>\n\n\n\n<div class=\"wp-block-columns is-layout-flex wp-container-core-columns-is-layout-9d6595d7 wp-block-columns-is-layout-flex\">\n<div class=\"wp-block-column is-layout-flow wp-block-column-is-layout-flow\">\n<p>Hier gibt es <strong><span style=\"text-decoration: underline;\">nicht<\/span> nur<\/strong> B\u00fccher zum Ausleihen.\u2028<br>Man kann auch andere Dinge ausleihen:<\/p>\n\n\n\n<ul class=\"wp-block-list\">\n<li>K\u00fcchen-Ger\u00e4te<\/li>\n\n\n\n<li>Werkzeug<\/li>\n\n\n\n<li>Technik<\/li>\n\n\n\n<li>Musik-Instrumente<\/li>\n\n\n\n<li>und vieles mehr. <\/li>\n<\/ul>\n<\/div>\n\n\n\n<div class=\"wp-block-column is-layout-flow wp-block-column-is-layout-flow\">\n<figure class=\"wp-block-gallery has-nested-images columns-default wp-block-gallery-11 is-layout-flex wp-block-gallery-is-layout-flex\">\n<figure class=\"wp-block-image size-full\"><a href=\"https:\/\/klimaschutz-frankfurt.de\/leichte-sprache\/wp-content\/uploads\/sites\/3\/2024\/07\/buecherei-local-ausleihen-klimafreundlich.jpg\"><img loading=\"lazy\" decoding=\"async\" width=\"1920\" height=\"1280\" data-id=\"309\" src=\"https:\/\/klimaschutz-frankfurt.de\/leichte-sprache\/wp-content\/uploads\/sites\/3\/2024\/07\/buecherei-local-ausleihen-klimafreundlich.jpg\" alt=\"\" class=\"wp-image-309\" srcset=\"https:\/\/klimaschutz-frankfurt.de\/leichte-sprache\/wp-content\/uploads\/sites\/3\/2024\/07\/buecherei-local-ausleihen-klimafreundlich.jpg 1920w, https:\/\/klimaschutz-frankfurt.de\/leichte-sprache\/wp-content\/uploads\/sites\/3\/2024\/07\/buecherei-local-ausleihen-klimafreundlich-768x512.jpg 768w, https:\/\/klimaschutz-frankfurt.de\/leichte-sprache\/wp-content\/uploads\/sites\/3\/2024\/07\/buecherei-local-ausleihen-klimafreundlich-1536x1024.jpg 1536w\" sizes=\"auto, (max-width: 1920px) 100vw, 1920px\" \/><\/a><\/figure>\n<\/figure>\n<\/div>\n<\/div>\n\n\n\n<div class=\"wp-block-columns is-layout-flex wp-container-core-columns-is-layout-9d6595d7 wp-block-columns-is-layout-flex\">\n<div class=\"wp-block-column is-layout-flow wp-block-column-is-layout-flow\"><\/div>\n\n\n\n<div class=\"wp-block-column is-layout-flow wp-block-column-is-layout-flow\"><\/div>\n<\/div>\n","protected":false},"excerpt":{"rendered":"<p>Konsum bedeutet: Alles was wir f\u00fcr uns kaufen. Sie k\u00f6nnen klima-freundlich konsumieren und die Umwelt sch\u00fctzen. Klicken und mehr lesen&#8230;<\/p>\n","protected":false},"author":12,"featured_media":305,"parent":0,"menu_order":0,"comment_status":"closed","ping_status":"closed","template":"","meta":{"_acf_changed":false,"footnotes":""},"class_list":["post-295","page","type-page","status-publish","has-post-thumbnail","hentry"],"acf":[],"featured_image_src":"https:\/\/klimaschutz-frankfurt.de\/leichte-sprache\/wp-content\/uploads\/sites\/3\/2024\/07\/kleidungsgeschaeft-local-klimafreundlich-einkaufen.jpg","publishpress_future_action":{"enabled":false,"date":"2026-05-11 11:00:23","action":"change-status","newStatus":"draft","terms":[],"taxonomy":"","extraData":[]},"publishpress_future_workflow_manual_trigger":{"enabledWorkflows":[]},"_links":{"self":[{"href":"https:\/\/klimaschutz-frankfurt.de\/leichte-sprache\/wp-json\/wp\/v2\/pages\/295","targetHints":{"allow":["GET"]}}],"collection":[{"href":"https:\/\/klimaschutz-frankfurt.de\/leichte-sprache\/wp-json\/wp\/v2\/pages"}],"about":[{"href":"https:\/\/klimaschutz-frankfurt.de\/leichte-sprache\/wp-json\/wp\/v2\/types\/page"}],"author":[{"embeddable":true,"href":"https:\/\/klimaschutz-frankfurt.de\/leichte-sprache\/wp-json\/wp\/v2\/users\/12"}],"replies":[{"embeddable":true,"href":"https:\/\/klimaschutz-frankfurt.de\/leichte-sprache\/wp-json\/wp\/v2\/comments?post=295"}],"version-history":[{"count":6,"href":"https:\/\/klimaschutz-frankfurt.de\/leichte-sprache\/wp-json\/wp\/v2\/pages\/295\/revisions"}],"predecessor-version":[{"id":355,"href":"https:\/\/klimaschutz-frankfurt.de\/leichte-sprache\/wp-json\/wp\/v2\/pages\/295\/revisions\/355"}],"wp:featuredmedia":[{"embeddable":true,"href":"https:\/\/klimaschutz-frankfurt.de\/leichte-sprache\/wp-json\/wp\/v2\/media\/305"}],"wp:attachment":[{"href":"https:\/\/klimaschutz-frankfurt.de\/leichte-sprache\/wp-json\/wp\/v2\/media?parent=295"}],"curies":[{"name":"wp","href":"https:\/\/api.w.org\/{rel}","templated":true}]}}